{"id":5349,"date":"2026-01-30T11:58:08","date_gmt":"2026-01-30T10:58:08","guid":{"rendered":"https:\/\/www.zpm-idrija.si\/?page_id=5349"},"modified":"2026-02-11T07:45:16","modified_gmt":"2026-02-11T06:45:16","slug":"nasa-drustva","status":"publish","type":"page","link":"https:\/\/www.zpm-idrija.si\/?page_id=5349","title":{"rendered":"Na\u0161a dru\u0161tva"},"content":{"rendered":"\n<p>Zveza prijateljev mladine Idrija povezuje dru\u0161tva prijateljev mladine v ob\u010dinah Idrija in Cerkno. Dru\u0161tva delujejo v skladu s poslanstvom ZPM Idrija, hkrati pa se otrokom, mladostnikom, star\u0161em in dru\u017einam pribli\u017eajo na ravni lokalne skupnosti, kar omogo\u010da bolj osebno in prilagojeno delovanje.<\/p>\n\n\n\n<p><a href=\"https:\/\/www.zpm-idrija.si\/?page_id=5386\">DPM Cerkno<\/a><\/p>\n\n\n\n<p><a href=\"https:\/\/www.zpm-idrija.si\/?page_id=5391\">DPM \u010crni Vrh<\/a><\/p>\n\n\n\n<p><a href=\"https:\/\/www.zpm-idrija.si\/?page_id=5397\">DPM Spodnja Idrija<\/a><\/p>\n\n\n\n<p><\/p>\n","protected":false},"excerpt":{"rendered":"<p>Zveza prijateljev mladine Idrija povezuje dru\u0161tva prijateljev mladine v ob\u010dinah Idrija in Cerkno. Dru\u0161tva delujejo v skladu s poslanstvom ZPM Idrija, hkrati pa se otrokom, mladostnikom, star\u0161em in dru\u017einam pribli\u017eajo na ravni lokalne skupnosti, kar omogo\u010da bolj osebno in prilagojeno delovanje. DPM Cerkno DPM \u010crni Vrh DPM Spodnja Idrija<\/p>\n","protected":false},"author":1,"featured_media":0,"parent":0,"menu_order":0,"comment_status":"closed","ping_status":"closed","template":"","meta":{"footnotes":""},"class_list":["post-5349","page","type-page","status-publish","hentry"],"_links":{"self":[{"href":"https:\/\/www.zpm-idrija.si\/index.php?rest_route=\/wp\/v2\/pages\/5349","targetHints":{"allow":["GET"]}}],"collection":[{"href":"https:\/\/www.zpm-idrija.si\/index.php?rest_route=\/wp\/v2\/pages"}],"about":[{"href":"https:\/\/www.zpm-idrija.si\/index.php?rest_route=\/wp\/v2\/types\/page"}],"author":[{"embeddable":true,"href":"https:\/\/www.zpm-idrija.si\/index.php?rest_route=\/wp\/v2\/users\/1"}],"replies":[{"embeddable":true,"href":"https:\/\/www.zpm-idrija.si\/index.php?rest_route=%2Fwp%2Fv2%2Fcomments&post=5349"}],"version-history":[{"count":18,"href":"https:\/\/www.zpm-idrija.si\/index.php?rest_route=\/wp\/v2\/pages\/5349\/revisions"}],"predecessor-version":[{"id":5415,"href":"https:\/\/www.zpm-idrija.si\/index.php?rest_route=\/wp\/v2\/pages\/5349\/revisions\/5415"}],"wp:attachment":[{"href":"https:\/\/www.zpm-idrija.si\/index.php?rest_route=%2Fwp%2Fv2%2Fmedia&parent=5349"}],"curies":[{"name":"wp","href":"https:\/\/api.w.org\/{rel}","templated":true}]}}