{"id":51,"date":"2018-06-07T08:12:56","date_gmt":"2018-06-07T07:12:56","guid":{"rendered":"http:\/\/www.zpm-idrija.si\/?page_id=51"},"modified":"2026-03-09T11:09:16","modified_gmt":"2026-03-09T10:09:16","slug":"veseli-december","status":"publish","type":"page","link":"https:\/\/www.zpm-idrija.si\/?page_id=51","title":{"rendered":"Veseli december"},"content":{"rendered":"<p style=\"margin-bottom: 19.5pt; text-align: justify;\">Veseli december je program Zveze prijateljev mladine Idrija, ki ga tradicionalno organiziramo v mesecu decembru.\u00a0 Smo koordinator celotnega decembrskega programa za otroke, mladostnike in dru\u017eine. V sodelovanju s \u0161tevilnimi dru\u0161tvi, lokalnimi skupnostmi, zavodi in drugimi organizacijami\u00a0 pripravimo ve\u010dje \u0161tevilo dogodkov, prireditev, predstav in delavnic za otroke iz ob\u010din Idrija in Cerkno. Organiziramo obiske Dedka Mraza po vseh krajih v obeh ob\u010dinah. Na\u0161 cilj je da je vsak otrok in mladostnik v prazni\u010dnem mesecu dele\u017een vsaj enega dogodka.\u00a0<\/p>\n\n\n<div class=\"wp-block-buttons is-content-justification-center is-layout-flex wp-container-core-buttons-is-layout-16018d1d wp-block-buttons-is-layout-flex\">\n<div class=\"wp-block-button\"><a class=\"wp-block-button__link has-vivid-red-background-color has-background has-text-align-center wp-element-button\">PROGRAM VESELI DECEMBER 2025<\/a><\/div>\n\n\n<\/div>\n\n\n\n<div data-wp-interactive=\"core\/file\" class=\"wp-block-file\"><object data-wp-bind--hidden=\"!state.hasPdfPreview\" hidden class=\"wp-block-file__embed\" data=\"https:\/\/www.zpm-idrija.si\/wp-content\/uploads\/2026\/03\/veseli-december-letak-1.pdf\" type=\"application\/pdf\" style=\"width:100%;height:600px\" aria-label=\"Vdelava Veseli december 2025\"><\/object><a id=\"wp-block-file--media-e83b1a36-0b12-41f0-b953-ab3d154fed19\" href=\"https:\/\/www.zpm-idrija.si\/wp-content\/uploads\/2026\/03\/veseli-december-letak-1.pdf\">Veseli december 2025<\/a><a href=\"https:\/\/www.zpm-idrija.si\/wp-content\/uploads\/2026\/03\/veseli-december-letak-1.pdf\" class=\"wp-block-file__button wp-element-button\" download aria-describedby=\"wp-block-file--media-e83b1a36-0b12-41f0-b953-ab3d154fed19\">Prenos<\/a><\/div>\n\n\n\n<p class=\"has-text-align-center\"><\/p>\n\n\n\n<div class=\"wp-block-buttons is-content-justification-center is-layout-flex wp-container-core-buttons-is-layout-16018d1d wp-block-buttons-is-layout-flex\"><\/div>\n\n\n\n<div class=\"wp-block-buttons is-content-justification-center is-layout-flex wp-container-core-buttons-is-layout-16018d1d wp-block-buttons-is-layout-flex\"><\/div>\n\n\n\n<p><\/p>\n","protected":false},"excerpt":{"rendered":"<p>Veseli december je program Zveze prijateljev mladine Idrija, ki ga tradicionalno organiziramo v mesecu decembru.\u00a0 Smo koordinator celotnega decembrskega programa za otroke, mladostnike in dru\u017eine. V sodelovanju s \u0161tevilnimi dru\u0161tvi, lokalnimi skupnostmi, zavodi in drugimi organizacijami\u00a0 pripravimo ve\u010dje \u0161tevilo dogodkov, prireditev, predstav in delavnic za otroke iz ob\u010din Idrija in Cerkno. Organiziramo obiske Dedka Mraza &hellip; <\/p>\n<p class=\"link-more\"><a href=\"https:\/\/www.zpm-idrija.si\/?page_id=51\" class=\"more-link\">Preberi ve\u010d<span class=\"screen-reader-text\"> &#8220;Veseli december&#8221;<\/span><\/a><\/p>\n","protected":false},"author":1,"featured_media":115,"parent":0,"menu_order":0,"comment_status":"closed","ping_status":"closed","template":"","meta":{"footnotes":""},"class_list":["post-51","page","type-page","status-publish","has-post-thumbnail","hentry"],"_links":{"self":[{"href":"https:\/\/www.zpm-idrija.si\/index.php?rest_route=\/wp\/v2\/pages\/51","targetHints":{"allow":["GET"]}}],"collection":[{"href":"https:\/\/www.zpm-idrija.si\/index.php?rest_route=\/wp\/v2\/pages"}],"about":[{"href":"https:\/\/www.zpm-idrija.si\/index.php?rest_route=\/wp\/v2\/types\/page"}],"author":[{"embeddable":true,"href":"https:\/\/www.zpm-idrija.si\/index.php?rest_route=\/wp\/v2\/users\/1"}],"replies":[{"embeddable":true,"href":"https:\/\/www.zpm-idrija.si\/index.php?rest_route=%2Fwp%2Fv2%2Fcomments&post=51"}],"version-history":[{"count":18,"href":"https:\/\/www.zpm-idrija.si\/index.php?rest_route=\/wp\/v2\/pages\/51\/revisions"}],"predecessor-version":[{"id":5506,"href":"https:\/\/www.zpm-idrija.si\/index.php?rest_route=\/wp\/v2\/pages\/51\/revisions\/5506"}],"wp:featuredmedia":[{"embeddable":true,"href":"https:\/\/www.zpm-idrija.si\/index.php?rest_route=\/wp\/v2\/media\/115"}],"wp:attachment":[{"href":"https:\/\/www.zpm-idrija.si\/index.php?rest_route=%2Fwp%2Fv2%2Fmedia&parent=51"}],"curies":[{"name":"wp","href":"https:\/\/api.w.org\/{rel}","templated":true}]}}